{"id":12129,"date":"2025-10-13T11:47:43","date_gmt":"2025-10-13T09:47:43","guid":{"rendered":"https:\/\/its-norway.no\/?post_type=arrangementer&#038;p=12129"},"modified":"2025-10-13T11:47:44","modified_gmt":"2025-10-13T09:47:44","slug":"ai-til-frokost-praktiske-grep-for-ai-verdi","status":"publish","type":"arrangementer","link":"https:\/\/its-norway.no\/en\/arrangementer\/ai-til-frokost-praktiske-grep-for-ai-verdi\/","title":{"rendered":"AI\u00a0til\u00a0frokost:\u00a0Praktiske grep for AI-verdi"},"content":{"rendered":"\n<p class=\"has-intro-font-size\">Bli med p\u00e5 en morgen fylt med AI-inspirasjon! Du f\u00e5r h\u00f8re om trender, praktiske erfaringer og rammeverk som hjelper deg \u00e5 finne de beste bruksomr\u00e5dene og sikre verdi i dine prosjekter.<\/p>\n\n\n\n<p>Du f\u00e5r h\u00f8re fra flere spennende virksomheter, blant annet <a href=\"https:\/\/www.vy.no\/\">VY<\/a>, <a href=\"https:\/\/www.udi.no\/\">UDI <\/a>og <a href=\"https:\/\/teknologiradet.no\/\">Teknologir\u00e5det<\/a>. Slik kan du bli litt klokere p\u00e5 hvordan du kan ta i bruk AI for \u00e5 faktisk skape verdi.<\/p>\n\n\n\n<p><strong>N\u00e5r:<\/strong>\u00a0Onsdag 5. november, klokken 08.30-10.30.<\/p>\n\n\n\n<p><strong>Hvor:\u00a0<\/strong>Deichman Bj\u00f8rvika, Oslo, Norge.<\/p>\n\n\n\n<h4 class=\"wp-block-heading has-text-align-center\">Program<\/h4>\n\n\n\n<ul class=\"wp-block-list\">\n<li><strong>Velkommen<br><\/strong><em>Kristin Nyberg, Administrerende direkt\u00f8r, Twoday<br><\/em><\/li>\n\n\n\n<li><strong>Hvordan rigger\u00a0Vy\u00a0organisasjonen for AI<br><\/strong><em>Tomas Spangelo, Tech Manager for AI, Twoday<br><\/em><\/li>\n\n\n\n<li><strong>Trender for kunstig intelligens i Europa og Norge<br><\/strong><em>Jonas Wettre, Prosjektleder, Teknologir\u00e5det<br><\/em><\/li>\n\n\n\n<li><strong>Fra 50\u00a0til\u00a010 \u00e5r: Hvordan UDI bruker KI\u00a0til\u00a0\u00e5 kutte ti\u00e5r av digitaliseringsl\u00f8pet<br><\/strong><em>Ingunn H\u00e5berg, Seniorr\u00e5dgiver, Utlendingsdirektoratet\u00a0og\u00a0Yngvild Skomedal, IT-konsulent, Twoday<\/em><\/li>\n\n\n\n<li><strong>AI-verdi i praksis: 3 eksempler p\u00e5 at det ikke m\u00e5 et stort IT-prosjekt\u00a0til\u00a0for \u00e5 komme i gang med AI<br><\/strong><em>Anne Holst-Dyrnes, Data scientist og AI-spesialist, Twoday<br><\/em><\/li>\n\n\n\n<li><strong>Rammeverk for \u00e5 finne bruksomr\u00e5der for AI og sikre reell gevinst<br><\/strong><em>Tomas Spangelo, Tech Manager for AI, Twoday<\/em><\/li>\n<\/ul>\n\n\n\n<p class=\"has-text-align-center\">Arrangementet er gratis &#8211; meld deg p\u00e5 n\u00e5 for \u00e5 sikre plass!<\/p>\n\n\n\n<p class=\"has-text-align-center\"><a href=\"https:\/\/www.twoday.no\/ai-til-frokost?utm_campaign=91321574-NO_DA%3A%20Data%20%26%20AI%20til%20frokost%202025&amp;utm_medium=email&amp;_hsenc=p2ANqtz--_TtGLu4a-WFrUn7w-9iKLJXWOuK5jEFTS23Bz1O3LdLMZnpQr8Eq6TC_Qx07n55uilWecqh6LsRnZXKgOCUHpquerglpRBdVOmp0mmy4hrR68AW8&amp;_hsmi=118981887&amp;utm_content=118981887&amp;utm_source=hs_email\">Du finner mer info og p\u00e5meldingen her!<\/a><\/p>\n","protected":false},"featured_media":12130,"template":"","meta":{"_acf_changed":true},"class_list":["post-12129","arrangementer","type-arrangementer","status-publish","has-post-thumbnail","hentry"],"acf":{"agenda_title":"Agenda","days":false,"start_date":"2025-11-05","time":"08:30","end_date":"2025-11-05","end_time":"10:30","city":"Oslo, Norge","street":"","webinar":false,"signup":"https:\/\/www.twoday.no\/ai-til-frokost?utm_campaign=91321574-NO_DA%3A%20Data%20%26%20AI%20til%20frokost%202025&utm_medium=email&_hsenc=p2ANqtz--_TtGLu4a-WFrUn7w-9iKLJXWOuK5jEFTS23Bz1O3LdLMZnpQr8Eq6TC_Qx07n55uilWecqh6LsRnZXKgOCUHpquerglpRBdVOmp0mmy4hrR68AW8&_hsmi=118981887&utm_content=118981887&utm_source=hs_email","price":"","program":false,"image_format":"cover","position":"center","itsn_readtime":"","show_date":["Vis"],"featured_image_settings":{"size":"contain","position":"center"},"lead-text":""},"yoast_head":"<!-- This site is optimized with the Yoast SEO plugin v27.3 - https:\/\/yoast.com\/product\/yoast-seo-wordpress\/ -->\n<title>AI\u00a0til\u00a0frokost:\u00a0Praktiske grep for AI-verdi - ITS Norway<\/title>\n<meta name=\"robots\" content=\"index, follow, max-snippet:-1, max-image-preview:large, max-video-preview:-1\" \/>\n<link rel=\"canonical\" href=\"https:\/\/its-norway.no\/en\/arrangementer\/ai-til-frokost-praktiske-grep-for-ai-verdi\/\" \/>\n<meta property=\"og:locale\" content=\"en_US\" \/>\n<meta property=\"og:type\" content=\"article\" \/>\n<meta property=\"og:title\" content=\"AI\u00a0til\u00a0frokost:\u00a0Praktiske grep for AI-verdi - ITS Norway\" \/>\n<meta property=\"og:description\" content=\"Bli med p\u00e5 en morgen fylt med AI-inspirasjon! Du f\u00e5r h\u00f8re om trender, praktiske erfaringer og rammeverk som hjelper deg...\" \/>\n<meta property=\"og:url\" content=\"https:\/\/its-norway.no\/en\/arrangementer\/ai-til-frokost-praktiske-grep-for-ai-verdi\/\" \/>\n<meta property=\"og:site_name\" content=\"ITS Norway\" \/>\n<meta property=\"article:modified_time\" content=\"2025-10-13T09:47:44+00:00\" \/>\n<meta property=\"og:image\" content=\"https:\/\/its-norway.no\/wp-content\/uploads\/2025\/10\/AI-til-frokost-samlebilde-med-foredragsholdere.webp\" \/>\n\t<meta property=\"og:image:width\" content=\"1280\" \/>\n\t<meta property=\"og:image:height\" content=\"1000\" \/>\n\t<meta property=\"og:image:type\" content=\"image\/webp\" \/>\n<meta name=\"twitter:card\" content=\"summary_large_image\" \/>\n<meta name=\"twitter:label1\" content=\"Est. reading time\" \/>\n\t<meta name=\"twitter:data1\" content=\"2 minutes\" \/>\n<script type=\"application\/ld+json\" class=\"yoast-schema-graph\">{\"@context\":\"https:\\\/\\\/schema.org\",\"@graph\":[{\"@type\":\"WebPage\",\"@id\":\"https:\\\/\\\/its-norway.no\\\/en\\\/arrangementer\\\/ai-til-frokost-praktiske-grep-for-ai-verdi\\\/\",\"url\":\"https:\\\/\\\/its-norway.no\\\/en\\\/arrangementer\\\/ai-til-frokost-praktiske-grep-for-ai-verdi\\\/\",\"name\":\"AI\u00a0til\u00a0frokost:\u00a0Praktiske grep for AI-verdi - ITS Norway\",\"isPartOf\":{\"@id\":\"https:\\\/\\\/its-norway.no\\\/en\\\/#website\"},\"primaryImageOfPage\":{\"@id\":\"https:\\\/\\\/its-norway.no\\\/en\\\/arrangementer\\\/ai-til-frokost-praktiske-grep-for-ai-verdi\\\/#primaryimage\"},\"image\":{\"@id\":\"https:\\\/\\\/its-norway.no\\\/en\\\/arrangementer\\\/ai-til-frokost-praktiske-grep-for-ai-verdi\\\/#primaryimage\"},\"thumbnailUrl\":\"https:\\\/\\\/its-norway.no\\\/wp-content\\\/uploads\\\/2025\\\/10\\\/AI-til-frokost-samlebilde-med-foredragsholdere.webp\",\"datePublished\":\"2025-10-13T09:47:43+00:00\",\"dateModified\":\"2025-10-13T09:47:44+00:00\",\"breadcrumb\":{\"@id\":\"https:\\\/\\\/its-norway.no\\\/en\\\/arrangementer\\\/ai-til-frokost-praktiske-grep-for-ai-verdi\\\/#breadcrumb\"},\"inLanguage\":\"en-US\",\"potentialAction\":[{\"@type\":\"ReadAction\",\"target\":[\"https:\\\/\\\/its-norway.no\\\/en\\\/arrangementer\\\/ai-til-frokost-praktiske-grep-for-ai-verdi\\\/\"]}]},{\"@type\":\"ImageObject\",\"inLanguage\":\"en-US\",\"@id\":\"https:\\\/\\\/its-norway.no\\\/en\\\/arrangementer\\\/ai-til-frokost-praktiske-grep-for-ai-verdi\\\/#primaryimage\",\"url\":\"https:\\\/\\\/its-norway.no\\\/wp-content\\\/uploads\\\/2025\\\/10\\\/AI-til-frokost-samlebilde-med-foredragsholdere.webp\",\"contentUrl\":\"https:\\\/\\\/its-norway.no\\\/wp-content\\\/uploads\\\/2025\\\/10\\\/AI-til-frokost-samlebilde-med-foredragsholdere.webp\",\"width\":1280,\"height\":1000},{\"@type\":\"BreadcrumbList\",\"@id\":\"https:\\\/\\\/its-norway.no\\\/en\\\/arrangementer\\\/ai-til-frokost-praktiske-grep-for-ai-verdi\\\/#breadcrumb\",\"itemListElement\":[{\"@type\":\"ListItem\",\"position\":1,\"name\":\"Hjem\",\"item\":\"https:\\\/\\\/its-norway.no\\\/en\\\/\"},{\"@type\":\"ListItem\",\"position\":2,\"name\":\"Arrangementer\",\"item\":\"https:\\\/\\\/its-norway.no\\\/en\\\/arrangementer\\\/\"},{\"@type\":\"ListItem\",\"position\":3,\"name\":\"AI\u00a0til\u00a0frokost:\u00a0Praktiske grep for AI-verdi\"}]},{\"@type\":\"WebSite\",\"@id\":\"https:\\\/\\\/its-norway.no\\\/en\\\/#website\",\"url\":\"https:\\\/\\\/its-norway.no\\\/en\\\/\",\"name\":\"ITS Norway\",\"description\":\"Intelligente transportsystemer\",\"potentialAction\":[{\"@type\":\"SearchAction\",\"target\":{\"@type\":\"EntryPoint\",\"urlTemplate\":\"https:\\\/\\\/its-norway.no\\\/en\\\/?s={search_term_string}\"},\"query-input\":{\"@type\":\"PropertyValueSpecification\",\"valueRequired\":true,\"valueName\":\"search_term_string\"}}],\"inLanguage\":\"en-US\"}]}<\/script>\n<!-- \/ Yoast SEO plugin. -->","yoast_head_json":{"title":"AI\u00a0til\u00a0frokost:\u00a0Praktiske grep for AI-verdi - ITS Norway","robots":{"index":"index","follow":"follow","max-snippet":"max-snippet:-1","max-image-preview":"max-image-preview:large","max-video-preview":"max-video-preview:-1"},"canonical":"https:\/\/its-norway.no\/en\/arrangementer\/ai-til-frokost-praktiske-grep-for-ai-verdi\/","og_locale":"en_US","og_type":"article","og_title":"AI\u00a0til\u00a0frokost:\u00a0Praktiske grep for AI-verdi - ITS Norway","og_description":"Bli med p\u00e5 en morgen fylt med AI-inspirasjon! Du f\u00e5r h\u00f8re om trender, praktiske erfaringer og rammeverk som hjelper deg...","og_url":"https:\/\/its-norway.no\/en\/arrangementer\/ai-til-frokost-praktiske-grep-for-ai-verdi\/","og_site_name":"ITS Norway","article_modified_time":"2025-10-13T09:47:44+00:00","og_image":[{"width":1280,"height":1000,"url":"https:\/\/its-norway.no\/wp-content\/uploads\/2025\/10\/AI-til-frokost-samlebilde-med-foredragsholdere.webp","type":"image\/webp"}],"twitter_card":"summary_large_image","twitter_misc":{"Est. reading time":"2 minutes"},"schema":{"@context":"https:\/\/schema.org","@graph":[{"@type":"WebPage","@id":"https:\/\/its-norway.no\/en\/arrangementer\/ai-til-frokost-praktiske-grep-for-ai-verdi\/","url":"https:\/\/its-norway.no\/en\/arrangementer\/ai-til-frokost-praktiske-grep-for-ai-verdi\/","name":"AI\u00a0til\u00a0frokost:\u00a0Praktiske grep for AI-verdi - ITS Norway","isPartOf":{"@id":"https:\/\/its-norway.no\/en\/#website"},"primaryImageOfPage":{"@id":"https:\/\/its-norway.no\/en\/arrangementer\/ai-til-frokost-praktiske-grep-for-ai-verdi\/#primaryimage"},"image":{"@id":"https:\/\/its-norway.no\/en\/arrangementer\/ai-til-frokost-praktiske-grep-for-ai-verdi\/#primaryimage"},"thumbnailUrl":"https:\/\/its-norway.no\/wp-content\/uploads\/2025\/10\/AI-til-frokost-samlebilde-med-foredragsholdere.webp","datePublished":"2025-10-13T09:47:43+00:00","dateModified":"2025-10-13T09:47:44+00:00","breadcrumb":{"@id":"https:\/\/its-norway.no\/en\/arrangementer\/ai-til-frokost-praktiske-grep-for-ai-verdi\/#breadcrumb"},"inLanguage":"en-US","potentialAction":[{"@type":"ReadAction","target":["https:\/\/its-norway.no\/en\/arrangementer\/ai-til-frokost-praktiske-grep-for-ai-verdi\/"]}]},{"@type":"ImageObject","inLanguage":"en-US","@id":"https:\/\/its-norway.no\/en\/arrangementer\/ai-til-frokost-praktiske-grep-for-ai-verdi\/#primaryimage","url":"https:\/\/its-norway.no\/wp-content\/uploads\/2025\/10\/AI-til-frokost-samlebilde-med-foredragsholdere.webp","contentUrl":"https:\/\/its-norway.no\/wp-content\/uploads\/2025\/10\/AI-til-frokost-samlebilde-med-foredragsholdere.webp","width":1280,"height":1000},{"@type":"BreadcrumbList","@id":"https:\/\/its-norway.no\/en\/arrangementer\/ai-til-frokost-praktiske-grep-for-ai-verdi\/#breadcrumb","itemListElement":[{"@type":"ListItem","position":1,"name":"Hjem","item":"https:\/\/its-norway.no\/en\/"},{"@type":"ListItem","position":2,"name":"Arrangementer","item":"https:\/\/its-norway.no\/en\/arrangementer\/"},{"@type":"ListItem","position":3,"name":"AI\u00a0til\u00a0frokost:\u00a0Praktiske grep for AI-verdi"}]},{"@type":"WebSite","@id":"https:\/\/its-norway.no\/en\/#website","url":"https:\/\/its-norway.no\/en\/","name":"ITS Norway","description":"Intelligente transportsystemer","potentialAction":[{"@type":"SearchAction","target":{"@type":"EntryPoint","urlTemplate":"https:\/\/its-norway.no\/en\/?s={search_term_string}"},"query-input":{"@type":"PropertyValueSpecification","valueRequired":true,"valueName":"search_term_string"}}],"inLanguage":"en-US"}]}},"start_date":"2025-11-05","start_date_formatted":"5. November 2025","end_date":"2025-11-05","_links":{"self":[{"href":"https:\/\/its-norway.no\/en\/wp-json\/wp\/v2\/arrangementer\/12129","targetHints":{"allow":["GET"]}}],"collection":[{"href":"https:\/\/its-norway.no\/en\/wp-json\/wp\/v2\/arrangementer"}],"about":[{"href":"https:\/\/its-norway.no\/en\/wp-json\/wp\/v2\/types\/arrangementer"}],"wp:featuredmedia":[{"embeddable":true,"href":"https:\/\/its-norway.no\/en\/wp-json\/wp\/v2\/media\/12130"}],"wp:attachment":[{"href":"https:\/\/its-norway.no\/en\/wp-json\/wp\/v2\/media?parent=12129"}],"curies":[{"name":"wp","href":"https:\/\/api.w.org\/{rel}","templated":true}]}}

<p class="has-intro-font-size">Bli med på en morgen fylt med AI-inspirasjon! Du får høre om trender, praktiske erfaringer og rammeverk som hjelper deg å finne de beste bruksområdene og sikre verdi i dine prosjekter.</p>



<p>Du får høre fra flere spennende virksomheter, blant annet <a href="https://www.vy.no/">VY</a>, <a href="https://www.udi.no/">UDI </a>og <a href="https://teknologiradet.no/">Teknologirådet</a>. Slik kan du bli litt klokere på hvordan du kan ta i bruk AI for å faktisk skape verdi.</p>



<p><strong>Når:</strong> Onsdag 5. november, klokken 08.30-10.30.</p>



<p><strong>Hvor: </strong>Deichman Bjørvika, Oslo, Norge.</p>



<h4 class="wp-block-heading has-text-align-center">Program</h4>



<ul class="wp-block-list">
<li><strong>Velkommen<br></strong><em>Kristin Nyberg, Administrerende direktør, Twoday<br></em></li>



<li><strong>Hvordan rigger Vy organisasjonen for AI<br></strong><em>Tomas Spangelo, Tech Manager for AI, Twoday<br></em></li>



<li><strong>Trender for kunstig intelligens i Europa og Norge<br></strong><em>Jonas Wettre, Prosjektleder, Teknologirådet<br></em></li>



<li><strong>Fra 50 til 10 år: Hvordan UDI bruker KI til å kutte tiår av digitaliseringsløpet<br></strong><em>Ingunn Håberg, Seniorrådgiver, Utlendingsdirektoratet og Yngvild Skomedal, IT-konsulent, Twoday</em></li>



<li><strong>AI-verdi i praksis: 3 eksempler på at det ikke må et stort IT-prosjekt til for å komme i gang med AI<br></strong><em>Anne Holst-Dyrnes, Data scientist og AI-spesialist, Twoday<br></em></li>



<li><strong>Rammeverk for å finne bruksområder for AI og sikre reell gevinst<br></strong><em>Tomas Spangelo, Tech Manager for AI, Twoday</em></li>
</ul>



<p class="has-text-align-center">Arrangementet er gratis &#8211; meld deg på nå for å sikre plass!</p>



<p class="has-text-align-center"><a href="https://www.twoday.no/ai-til-frokost?utm_campaign=91321574-NO_DA%3A%20Data%20%26%20AI%20til%20frokost%202025&amp;utm_medium=email&amp;_hsenc=p2ANqtz--_TtGLu4a-WFrUn7w-9iKLJXWOuK5jEFTS23Bz1O3LdLMZnpQr8Eq6TC_Qx07n55uilWecqh6LsRnZXKgOCUHpquerglpRBdVOmp0mmy4hrR68AW8&amp;_hsmi=118981887&amp;utm_content=118981887&amp;utm_source=hs_email">Du finner mer info og påmeldingen her!</a></p>

<!-- This site is optimized with the Yoast SEO plugin v27.3 - https://yoast.com/product/yoast-seo-wordpress/ -->
<title>AI til frokost: Praktiske grep for AI-verdi - ITS Norway</title>
<meta name="robots" content="index, follow, max-snippet:-1, max-image-preview:large, max-video-preview:-1" />
<link rel="canonical" href="https://its-norway.no/en/arrangementer/ai-til-frokost-praktiske-grep-for-ai-verdi/" />
<meta property="og:locale" content="en_US" />
<meta property="og:type" content="article" />
<meta property="og:title" content="AI til frokost: Praktiske grep for AI-verdi - ITS Norway" />
<meta property="og:description" content="Bli med på en morgen fylt med AI-inspirasjon! Du får høre om trender, praktiske erfaringer og rammeverk som hjelper deg..." />
<meta property="og:url" content="https://its-norway.no/en/arrangementer/ai-til-frokost-praktiske-grep-for-ai-verdi/" />
<meta property="og:site_name" content="ITS Norway" />
<meta property="article:modified_time" content="2025-10-13T09:47:44+00:00" />
<meta property="og:image" content="https://its-norway.no/wp-content/uploads/2025/10/AI-til-frokost-samlebilde-med-foredragsholdere.webp" />
	<meta property="og:image:width" content="1280" />
	<meta property="og:image:height" content="1000" />
	<meta property="og:image:type" content="image/webp" />
<meta name="twitter:card" content="summary_large_image" />
<meta name="twitter:label1" content="Est. reading time" />
	<meta name="twitter:data1" content="2 minutes" />
<script type="application/ld+json" class="yoast-schema-graph">{"@context":"https:\/\/schema.org","@graph":[{"@type":"WebPage","@id":"https:\/\/its-norway.no\/en\/arrangementer\/ai-til-frokost-praktiske-grep-for-ai-verdi\/","url":"https:\/\/its-norway.no\/en\/arrangementer\/ai-til-frokost-praktiske-grep-for-ai-verdi\/","name":"AI til frokost: Praktiske grep for AI-verdi - ITS Norway","isPartOf":{"@id":"https:\/\/its-norway.no\/en\/#website"},"primaryImageOfPage":{"@id":"https:\/\/its-norway.no\/en\/arrangementer\/ai-til-frokost-praktiske-grep-for-ai-verdi\/#primaryimage"},"image":{"@id":"https:\/\/its-norway.no\/en\/arrangementer\/ai-til-frokost-praktiske-grep-for-ai-verdi\/#primaryimage"},"thumbnailUrl":"https:\/\/its-norway.no\/wp-content\/uploads\/2025\/10\/AI-til-frokost-samlebilde-med-foredragsholdere.webp","datePublished":"2025-10-13T09:47:43+00:00","dateModified":"2025-10-13T09:47:44+00:00","breadcrumb":{"@id":"https:\/\/its-norway.no\/en\/arrangementer\/ai-til-frokost-praktiske-grep-for-ai-verdi\/#breadcrumb"},"inLanguage":"en-US","potentialAction":[{"@type":"ReadAction","target":["https:\/\/its-norway.no\/en\/arrangementer\/ai-til-frokost-praktiske-grep-for-ai-verdi\/"]}]},{"@type":"ImageObject","inLanguage":"en-US","@id":"https:\/\/its-norway.no\/en\/arrangementer\/ai-til-frokost-praktiske-grep-for-ai-verdi\/#primaryimage","url":"https:\/\/its-norway.no\/wp-content\/uploads\/2025\/10\/AI-til-frokost-samlebilde-med-foredragsholdere.webp","contentUrl":"https:\/\/its-norway.no\/wp-content\/uploads\/2025\/10\/AI-til-frokost-samlebilde-med-foredragsholdere.webp","width":1280,"height":1000},{"@type":"BreadcrumbList","@id":"https:\/\/its-norway.no\/en\/arrangementer\/ai-til-frokost-praktiske-grep-for-ai-verdi\/#breadcrumb","itemListElement":[{"@type":"ListItem","position":1,"name":"Hjem","item":"https:\/\/its-norway.no\/en\/"},{"@type":"ListItem","position":2,"name":"Arrangementer","item":"https:\/\/its-norway.no\/en\/arrangementer\/"},{"@type":"ListItem","position":3,"name":"AI til frokost: Praktiske grep for AI-verdi"}]},{"@type":"WebSite","@id":"https:\/\/its-norway.no\/en\/#website","url":"https:\/\/its-norway.no\/en\/","name":"ITS Norway","description":"Intelligente transportsystemer","potentialAction":[{"@type":"SearchAction","target":{"@type":"EntryPoint","urlTemplate":"https:\/\/its-norway.no\/en\/?s={search_term_string}"},"query-input":{"@type":"PropertyValueSpecification","valueRequired":true,"valueName":"search_term_string"}}],"inLanguage":"en-US"}]}</script>
<!-- / Yoast SEO plugin. -->

Bli med på en morgen fylt med AI-inspirasjon! Du får høre om trender, praktiske erfaringer og rammeverk som hjelper deg...
