{"id":3151,"date":"2021-02-23T12:35:23","date_gmt":"2021-02-23T11:35:23","guid":{"rendered":"https:\/\/its-norway.no\/?post_type=arrangementer&#038;p=3151"},"modified":"2021-02-23T12:35:24","modified_gmt":"2021-02-23T11:35:24","slug":"smart-og-baerekraftig-logistikkflyt-hvordan-kan-vi-i-norge-ta-lead","status":"publish","type":"arrangementer","link":"https:\/\/its-norway.no\/en\/arrangementer\/smart-og-baerekraftig-logistikkflyt-hvordan-kan-vi-i-norge-ta-lead\/","title":{"rendered":"Smart og b\u00e6rekraftig logistikkflyt \u2013 hvordan kan vi i Norge ta lead"},"content":{"rendered":"\n<p>Sammen med <a href=\"https:\/\/sams-norway.no\/\" target=\"_blank\" rel=\"noreferrer noopener\">SAMS Norway<\/a>&nbsp;inviterer vi &nbsp;til webinar om smart og b\u00e6rekraftig logistikkflyt. Form\u00e5let med webinaret er \u00e5 se p\u00e5 hvordan smartere logistikk kan bidra til \u00e5 oppfylle framtidens krav om mer effektiv og milj\u00f8vennlig vareflyt.&nbsp;<\/p>\n\n\n\n<figure class=\"wp-block-embed is-type-video is-provider-youtube wp-block-embed-youtube wp-embed-aspect-16-9 wp-has-aspect-ratio\"><div class=\"wp-block-embed__wrapper\">\n<iframe loading=\"lazy\" title=\"Fagwebinar: Smart og b\u00e6rekraftig logistikkflyt\u2013 hvordan kan vi i Norge ta lead.\" width=\"500\" height=\"281\" src=\"https:\/\/www.youtube.com\/embed\/mjNhLNyutXw?feature=oembed\" frameborder=\"0\" allow=\"accelerometer; autoplay; clipboard-write; encrypted-media; gyroscope; picture-in-picture; web-share\" referrerpolicy=\"strict-origin-when-cross-origin\" allowfullscreen><\/iframe>\n<\/div><\/figure>\n\n\n<div class=\"its-accordion\">\n  <div class=\"its-accordion__toggler\">\n    <div class=\"its-accordion__btn\" aria-label=\"Show\/Hide content forPresentasjoner\">\n      <span class=\"its-accordion__btn__line\"><\/span>\n      <span class=\"its-accordion__btn__line\"><\/span>\n    <\/div>\n\n    <h4 class=\"its-accordion__title\">Presentasjoner<\/h4>\n  <\/div>\n    \n  <div class=\"its-accordion__content js-its-accordion-content\">\n    \n<div class=\"its-filelist\">\n\t\t  \t  \t\t  \t<a href=\"https:\/\/its-norway.no\/wp-content\/uploads\/2021\/02\/201217-Jon-Isnes-Helland-presentasjon-Nextstep.pdf\" class=\"its-filelist__item its-filelist__item--file\" download>\n\t  \t\t<span class=\"its-filelist__item__name\">\n\t  \t\t\tJon Isnes-Helland\t  \t\t<\/span>\n\t  \t\t<span class=\"its-filelist__item__filetype\">\n\t  \t\t\t\t  \t\t\t\tpdf\t  \t\t\t\t  \t\t<\/span>\n\t  \t\t<span class=\"its-filelist__item__action\">\n\t  \t\t\t<span>\n\t  \t\t\t\t\t  \t\t\t\t\tDownload  \t\t\t\t\t\t  \t\t\t<\/span>\n\t  \t\t<\/span>\n\t  \t<\/a>\n\t  \t\t  \t  \t\t  \t<a href=\"https:\/\/its-norway.no\/wp-content\/uploads\/2021\/02\/20201208-Jan-Tore-Pedersen-MIXMOVE-Smart-og-baerekraftig-logistikkflyt.pdf\" class=\"its-filelist__item its-filelist__item--file\" download>\n\t  \t\t<span class=\"its-filelist__item__name\">\n\t  \t\t\tJan Tore Pedersen\t  \t\t<\/span>\n\t  \t\t<span class=\"its-filelist__item__filetype\">\n\t  \t\t\t\t  \t\t\t\tpdf\t  \t\t\t\t  \t\t<\/span>\n\t  \t\t<span class=\"its-filelist__item__action\">\n\t  \t\t\t<span>\n\t  \t\t\t\t\t  \t\t\t\t\tDownload  \t\t\t\t\t\t  \t\t\t<\/span>\n\t  \t\t<\/span>\n\t  \t<\/a>\n\t  \t\t  \t  \t\t  \t<a href=\"https:\/\/its-norway.no\/wp-content\/uploads\/2021\/02\/20201217-Runar-Sorsasen-ALICE.pdf\" class=\"its-filelist__item its-filelist__item--file\" download>\n\t  \t\t<span class=\"its-filelist__item__name\">\n\t  \t\t\tRunar S\u00f8r\u00e5sen\t  \t\t<\/span>\n\t  \t\t<span class=\"its-filelist__item__filetype\">\n\t  \t\t\t\t  \t\t\t\tpdf\t  \t\t\t\t  \t\t<\/span>\n\t  \t\t<span class=\"its-filelist__item__action\">\n\t  \t\t\t<span>\n\t  \t\t\t\t\t  \t\t\t\t\tDownload  \t\t\t\t\t\t  \t\t\t<\/span>\n\t  \t\t<\/span>\n\t  \t<\/a>\n\t  \t<\/div>\n\n  <\/div>\n<\/div>","protected":false},"featured_media":0,"template":"","meta":{"_acf_changed":false},"class_list":["post-3151","arrangementer","type-arrangementer","status-publish","hentry"],"acf":{"start_date":"2020-12-17","end_date":"2020-12-17","city":"","street":"","webinar":false},"yoast_head":"<!-- This site is optimized with the Yoast SEO plugin v27.3 - https:\/\/yoast.com\/product\/yoast-seo-wordpress\/ -->\n<title>Smart og b\u00e6rekraftig logistikkflyt \u2013 hvordan kan vi i Norge ta lead - ITS Norway<\/title>\n<meta name=\"robots\" content=\"index, follow, max-snippet:-1, max-image-preview:large, max-video-preview:-1\" \/>\n<link rel=\"canonical\" href=\"https:\/\/its-norway.no\/en\/arrangementer\/smart-og-baerekraftig-logistikkflyt-hvordan-kan-vi-i-norge-ta-lead\/\" \/>\n<meta property=\"og:locale\" content=\"en_US\" \/>\n<meta property=\"og:type\" content=\"article\" \/>\n<meta property=\"og:title\" content=\"Smart og b\u00e6rekraftig logistikkflyt \u2013 hvordan kan vi i Norge ta lead - ITS Norway\" \/>\n<meta property=\"og:description\" content=\"Sammen med SAMS Norway&nbsp;inviterer vi &nbsp;til webinar om smart og b\u00e6rekraftig logistikkflyt. Form\u00e5let med webinaret er \u00e5 se p\u00e5 hvordan...\" \/>\n<meta property=\"og:url\" content=\"https:\/\/its-norway.no\/en\/arrangementer\/smart-og-baerekraftig-logistikkflyt-hvordan-kan-vi-i-norge-ta-lead\/\" \/>\n<meta property=\"og:site_name\" content=\"ITS Norway\" \/>\n<meta property=\"article:modified_time\" content=\"2021-02-23T11:35:24+00:00\" \/>\n<meta name=\"twitter:card\" content=\"summary_large_image\" \/>\n<meta name=\"twitter:label1\" content=\"Est. reading time\" \/>\n\t<meta name=\"twitter:data1\" content=\"1 minute\" \/>\n<script type=\"application\/ld+json\" class=\"yoast-schema-graph\">{\"@context\":\"https:\\\/\\\/schema.org\",\"@graph\":[{\"@type\":\"WebPage\",\"@id\":\"https:\\\/\\\/its-norway.no\\\/en\\\/arrangementer\\\/smart-og-baerekraftig-logistikkflyt-hvordan-kan-vi-i-norge-ta-lead\\\/\",\"url\":\"https:\\\/\\\/its-norway.no\\\/en\\\/arrangementer\\\/smart-og-baerekraftig-logistikkflyt-hvordan-kan-vi-i-norge-ta-lead\\\/\",\"name\":\"Smart og b\u00e6rekraftig logistikkflyt \u2013 hvordan kan vi i Norge ta lead - ITS Norway\",\"isPartOf\":{\"@id\":\"https:\\\/\\\/its-norway.no\\\/en\\\/#website\"},\"datePublished\":\"2021-02-23T11:35:23+00:00\",\"dateModified\":\"2021-02-23T11:35:24+00:00\",\"breadcrumb\":{\"@id\":\"https:\\\/\\\/its-norway.no\\\/en\\\/arrangementer\\\/smart-og-baerekraftig-logistikkflyt-hvordan-kan-vi-i-norge-ta-lead\\\/#breadcrumb\"},\"inLanguage\":\"en-US\",\"potentialAction\":[{\"@type\":\"ReadAction\",\"target\":[\"https:\\\/\\\/its-norway.no\\\/en\\\/arrangementer\\\/smart-og-baerekraftig-logistikkflyt-hvordan-kan-vi-i-norge-ta-lead\\\/\"]}]},{\"@type\":\"BreadcrumbList\",\"@id\":\"https:\\\/\\\/its-norway.no\\\/en\\\/arrangementer\\\/smart-og-baerekraftig-logistikkflyt-hvordan-kan-vi-i-norge-ta-lead\\\/#breadcrumb\",\"itemListElement\":[{\"@type\":\"ListItem\",\"position\":1,\"name\":\"Hjem\",\"item\":\"https:\\\/\\\/its-norway.no\\\/en\\\/\"},{\"@type\":\"ListItem\",\"position\":2,\"name\":\"Arrangementer\",\"item\":\"https:\\\/\\\/its-norway.no\\\/en\\\/arrangementer\\\/\"},{\"@type\":\"ListItem\",\"position\":3,\"name\":\"Smart og b\u00e6rekraftig logistikkflyt \u2013 hvordan kan vi i Norge ta lead\"}]},{\"@type\":\"WebSite\",\"@id\":\"https:\\\/\\\/its-norway.no\\\/en\\\/#website\",\"url\":\"https:\\\/\\\/its-norway.no\\\/en\\\/\",\"name\":\"ITS Norway\",\"description\":\"Intelligente transportsystemer\",\"potentialAction\":[{\"@type\":\"SearchAction\",\"target\":{\"@type\":\"EntryPoint\",\"urlTemplate\":\"https:\\\/\\\/its-norway.no\\\/en\\\/?s={search_term_string}\"},\"query-input\":{\"@type\":\"PropertyValueSpecification\",\"valueRequired\":true,\"valueName\":\"search_term_string\"}}],\"inLanguage\":\"en-US\"}]}<\/script>\n<!-- \/ Yoast SEO plugin. -->","yoast_head_json":{"title":"Smart og b\u00e6rekraftig logistikkflyt \u2013 hvordan kan vi i Norge ta lead - ITS Norway","robots":{"index":"index","follow":"follow","max-snippet":"max-snippet:-1","max-image-preview":"max-image-preview:large","max-video-preview":"max-video-preview:-1"},"canonical":"https:\/\/its-norway.no\/en\/arrangementer\/smart-og-baerekraftig-logistikkflyt-hvordan-kan-vi-i-norge-ta-lead\/","og_locale":"en_US","og_type":"article","og_title":"Smart og b\u00e6rekraftig logistikkflyt \u2013 hvordan kan vi i Norge ta lead - ITS Norway","og_description":"Sammen med SAMS Norway&nbsp;inviterer vi &nbsp;til webinar om smart og b\u00e6rekraftig logistikkflyt. Form\u00e5let med webinaret er \u00e5 se p\u00e5 hvordan...","og_url":"https:\/\/its-norway.no\/en\/arrangementer\/smart-og-baerekraftig-logistikkflyt-hvordan-kan-vi-i-norge-ta-lead\/","og_site_name":"ITS Norway","article_modified_time":"2021-02-23T11:35:24+00:00","twitter_card":"summary_large_image","twitter_misc":{"Est. reading time":"1 minute"},"schema":{"@context":"https:\/\/schema.org","@graph":[{"@type":"WebPage","@id":"https:\/\/its-norway.no\/en\/arrangementer\/smart-og-baerekraftig-logistikkflyt-hvordan-kan-vi-i-norge-ta-lead\/","url":"https:\/\/its-norway.no\/en\/arrangementer\/smart-og-baerekraftig-logistikkflyt-hvordan-kan-vi-i-norge-ta-lead\/","name":"Smart og b\u00e6rekraftig logistikkflyt \u2013 hvordan kan vi i Norge ta lead - ITS Norway","isPartOf":{"@id":"https:\/\/its-norway.no\/en\/#website"},"datePublished":"2021-02-23T11:35:23+00:00","dateModified":"2021-02-23T11:35:24+00:00","breadcrumb":{"@id":"https:\/\/its-norway.no\/en\/arrangementer\/smart-og-baerekraftig-logistikkflyt-hvordan-kan-vi-i-norge-ta-lead\/#breadcrumb"},"inLanguage":"en-US","potentialAction":[{"@type":"ReadAction","target":["https:\/\/its-norway.no\/en\/arrangementer\/smart-og-baerekraftig-logistikkflyt-hvordan-kan-vi-i-norge-ta-lead\/"]}]},{"@type":"BreadcrumbList","@id":"https:\/\/its-norway.no\/en\/arrangementer\/smart-og-baerekraftig-logistikkflyt-hvordan-kan-vi-i-norge-ta-lead\/#breadcrumb","itemListElement":[{"@type":"ListItem","position":1,"name":"Hjem","item":"https:\/\/its-norway.no\/en\/"},{"@type":"ListItem","position":2,"name":"Arrangementer","item":"https:\/\/its-norway.no\/en\/arrangementer\/"},{"@type":"ListItem","position":3,"name":"Smart og b\u00e6rekraftig logistikkflyt \u2013 hvordan kan vi i Norge ta lead"}]},{"@type":"WebSite","@id":"https:\/\/its-norway.no\/en\/#website","url":"https:\/\/its-norway.no\/en\/","name":"ITS Norway","description":"Intelligente transportsystemer","potentialAction":[{"@type":"SearchAction","target":{"@type":"EntryPoint","urlTemplate":"https:\/\/its-norway.no\/en\/?s={search_term_string}"},"query-input":{"@type":"PropertyValueSpecification","valueRequired":true,"valueName":"search_term_string"}}],"inLanguage":"en-US"}]}},"start_date":"2020-12-17","start_date_formatted":"17. December 2020","end_date":"2020-12-17","_links":{"self":[{"href":"https:\/\/its-norway.no\/en\/wp-json\/wp\/v2\/arrangementer\/3151","targetHints":{"allow":["GET"]}}],"collection":[{"href":"https:\/\/its-norway.no\/en\/wp-json\/wp\/v2\/arrangementer"}],"about":[{"href":"https:\/\/its-norway.no\/en\/wp-json\/wp\/v2\/types\/arrangementer"}],"wp:attachment":[{"href":"https:\/\/its-norway.no\/en\/wp-json\/wp\/v2\/media?parent=3151"}],"curies":[{"name":"wp","href":"https:\/\/api.w.org\/{rel}","templated":true}]}}

Smart og bærekraftig logistikkflyt – hvordan kan vi i Norge ta lead

<p>Sammen med <a href="https://sams-norway.no/" target="_blank" rel="noreferrer noopener">SAMS Norway</a>&nbsp;inviterer vi &nbsp;til webinar om smart og bærekraftig logistikkflyt. Formålet med webinaret er å se på hvordan smartere logistikk kan bidra til å oppfylle framtidens krav om mer effektiv og miljøvennlig vareflyt.&nbsp;</p>



<figure class="wp-block-embed is-type-video is-provider-youtube wp-block-embed-youtube wp-embed-aspect-16-9 wp-has-aspect-ratio"><div class="wp-block-embed__wrapper">
<iframe loading="lazy" title="Fagwebinar: Smart og bærekraftig logistikkflyt– hvordan kan vi i Norge ta lead." width="500" height="281" src="https://www.youtube.com/embed/mjNhLNyutXw?feature=oembed" frameborder="0" allow="accelerometer; autoplay; clipboard-write; encrypted-media; gyroscope; picture-in-picture; web-share" referrerpolicy="strict-origin-when-cross-origin" allowfullscreen></iframe>
</div></figure>


<div class="its-accordion">
  <div class="its-accordion__toggler">
    <div class="its-accordion__btn" aria-label="Show/Hide content forPresentasjoner">
      <span class="its-accordion__btn__line"></span>
      <span class="its-accordion__btn__line"></span>
    </div>

    <h4 class="its-accordion__title">Presentasjoner</h4>
  </div>
    
  <div class="its-accordion__content js-its-accordion-content">
    
<div class="its-filelist">
		  	  		  	<a href="https://its-norway.no/wp-content/uploads/2021/02/201217-Jon-Isnes-Helland-presentasjon-Nextstep.pdf" class="its-filelist__item its-filelist__item--file" download>
	  		<span class="its-filelist__item__name">
	  			Jon Isnes-Helland	  		</span>
	  		<span class="its-filelist__item__filetype">
	  				  				pdf	  				  		</span>
	  		<span class="its-filelist__item__action">
	  			<span>
	  					  					Download  						  			</span>
	  		</span>
	  	</a>
	  		  	  		  	<a href="https://its-norway.no/wp-content/uploads/2021/02/20201208-Jan-Tore-Pedersen-MIXMOVE-Smart-og-baerekraftig-logistikkflyt.pdf" class="its-filelist__item its-filelist__item--file" download>
	  		<span class="its-filelist__item__name">
	  			Jan Tore Pedersen	  		</span>
	  		<span class="its-filelist__item__filetype">
	  				  				pdf	  				  		</span>
	  		<span class="its-filelist__item__action">
	  			<span>
	  					  					Download  						  			</span>
	  		</span>
	  	</a>
	  		  	  		  	<a href="https://its-norway.no/wp-content/uploads/2021/02/20201217-Runar-Sorsasen-ALICE.pdf" class="its-filelist__item its-filelist__item--file" download>
	  		<span class="its-filelist__item__name">
	  			Runar Søråsen	  		</span>
	  		<span class="its-filelist__item__filetype">
	  				  				pdf	  				  		</span>
	  		<span class="its-filelist__item__action">
	  			<span>
	  					  					Download  						  			</span>
	  		</span>
	  	</a>
	  	</div>

  </div>
</div>

<!-- This site is optimized with the Yoast SEO plugin v27.3 - https://yoast.com/product/yoast-seo-wordpress/ -->
<title>Smart og bærekraftig logistikkflyt – hvordan kan vi i Norge ta lead - ITS Norway</title>
<meta name="robots" content="index, follow, max-snippet:-1, max-image-preview:large, max-video-preview:-1" />
<link rel="canonical" href="https://its-norway.no/en/arrangementer/smart-og-baerekraftig-logistikkflyt-hvordan-kan-vi-i-norge-ta-lead/" />
<meta property="og:locale" content="en_US" />
<meta property="og:type" content="article" />
<meta property="og:title" content="Smart og bærekraftig logistikkflyt – hvordan kan vi i Norge ta lead - ITS Norway" />
<meta property="og:description" content="Sammen med SAMS Norway&nbsp;inviterer vi &nbsp;til webinar om smart og bærekraftig logistikkflyt. Formålet med webinaret er å se på hvordan..." />
<meta property="og:url" content="https://its-norway.no/en/arrangementer/smart-og-baerekraftig-logistikkflyt-hvordan-kan-vi-i-norge-ta-lead/" />
<meta property="og:site_name" content="ITS Norway" />
<meta property="article:modified_time" content="2021-02-23T11:35:24+00:00" />
<meta name="twitter:card" content="summary_large_image" />
<meta name="twitter:label1" content="Est. reading time" />
	<meta name="twitter:data1" content="1 minute" />
<script type="application/ld+json" class="yoast-schema-graph">{"@context":"https:\/\/schema.org","@graph":[{"@type":"WebPage","@id":"https:\/\/its-norway.no\/en\/arrangementer\/smart-og-baerekraftig-logistikkflyt-hvordan-kan-vi-i-norge-ta-lead\/","url":"https:\/\/its-norway.no\/en\/arrangementer\/smart-og-baerekraftig-logistikkflyt-hvordan-kan-vi-i-norge-ta-lead\/","name":"Smart og bærekraftig logistikkflyt – hvordan kan vi i Norge ta lead - ITS Norway","isPartOf":{"@id":"https:\/\/its-norway.no\/en\/#website"},"datePublished":"2021-02-23T11:35:23+00:00","dateModified":"2021-02-23T11:35:24+00:00","breadcrumb":{"@id":"https:\/\/its-norway.no\/en\/arrangementer\/smart-og-baerekraftig-logistikkflyt-hvordan-kan-vi-i-norge-ta-lead\/#breadcrumb"},"inLanguage":"en-US","potentialAction":[{"@type":"ReadAction","target":["https:\/\/its-norway.no\/en\/arrangementer\/smart-og-baerekraftig-logistikkflyt-hvordan-kan-vi-i-norge-ta-lead\/"]}]},{"@type":"BreadcrumbList","@id":"https:\/\/its-norway.no\/en\/arrangementer\/smart-og-baerekraftig-logistikkflyt-hvordan-kan-vi-i-norge-ta-lead\/#breadcrumb","itemListElement":[{"@type":"ListItem","position":1,"name":"Hjem","item":"https:\/\/its-norway.no\/en\/"},{"@type":"ListItem","position":2,"name":"Arrangementer","item":"https:\/\/its-norway.no\/en\/arrangementer\/"},{"@type":"ListItem","position":3,"name":"Smart og bærekraftig logistikkflyt – hvordan kan vi i Norge ta lead"}]},{"@type":"WebSite","@id":"https:\/\/its-norway.no\/en\/#website","url":"https:\/\/its-norway.no\/en\/","name":"ITS Norway","description":"Intelligente transportsystemer","potentialAction":[{"@type":"SearchAction","target":{"@type":"EntryPoint","urlTemplate":"https:\/\/its-norway.no\/en\/?s={search_term_string}"},"query-input":{"@type":"PropertyValueSpecification","valueRequired":true,"valueName":"search_term_string"}}],"inLanguage":"en-US"}]}</script>
<!-- / Yoast SEO plugin. -->

Smart og bærekraftig logistikkflyt – hvordan kan vi i Norge ta lead - ITS Norway

Sammen med SAMS Norway&nbsp;inviterer vi &nbsp;til webinar om smart og bærekraftig logistikkflyt. Formålet med webinaret er å se på hvordan...
