{"id":7789,"date":"2023-10-03T15:53:00","date_gmt":"2023-10-03T13:53:00","guid":{"rendered":"https:\/\/its-norway.no\/?post_type=arrangementer&#038;p=7789"},"modified":"2024-02-07T07:25:58","modified_gmt":"2024-02-07T06:25:58","slug":"kollektivkonferansen-2023","status":"publish","type":"arrangementer","link":"https:\/\/its-norway.no\/en\/arrangementer\/kollektivkonferansen-2023\/","title":{"rendered":"Kollektivkonferansen 2023"},"content":{"rendered":"\n<p class=\"has-intro-font-size\">Konferansen for alle som er interessert i kollektivtrafikk, mobilitet og b\u00e6rekraftig bevegelsesfrihet!<\/p>\n\n\n\n<p>Kollektivkonferansen 2023 handler hvordan vi forenkler folks liv med b\u00e6rekraftig mobilitet for alle og arrangeres av <a href=\"https:\/\/kollektivkonferansen.no\/\">Kollektivtrafikkforeningen<\/a>. B\u00e6rekraftig mobilitet for alle er kollektivtrafikkens samfunnsoppdrag og oppn\u00e5s gjennom blant annet et radikalt kundefokus, digitalisering og teknologi og mindre ulikhet.<\/p>\n\n\n\n<p>I fjor samlet konferansen over 570 deltakere fra 107 forskjellige mobilitetsakt\u00f8rer fra b\u00e5de inn- og utland, hvor konferansen var utsolgt og med venteliste. Er du nysgjerrig p\u00e5 \u00e5 vite mer om driverne for b\u00e6rekraftig mobilitet og hvilke muligheter dette genererer? Meld deg p\u00e5 Kollektivkonferansen 2023 &#8211; Norges viktigste m\u00f8teplass for alle som jobber med eller har interesse for mobilitet generelt og kollektivtrafikk spesielt!<\/p>\n\n\n\n<figure class=\"wp-block-image size-large\"><a href=\"https:\/\/its-norway.no\/wp-content\/uploads\/2024\/02\/image-1.png\"><img loading=\"lazy\" decoding=\"async\" width=\"618\" height=\"1024\" src=\"https:\/\/its-norway.no\/wp-content\/uploads\/2024\/02\/image-1-618x1024.png\" alt=\"\" class=\"wp-image-7790\" srcset=\"https:\/\/its-norway.no\/wp-content\/uploads\/2024\/02\/image-1-618x1024.png 618w, https:\/\/its-norway.no\/wp-content\/uploads\/2024\/02\/image-1-181x300.png 181w, https:\/\/its-norway.no\/wp-content\/uploads\/2024\/02\/image-1-768x1272.png 768w, https:\/\/its-norway.no\/wp-content\/uploads\/2024\/02\/image-1-106x176.png 106w, https:\/\/its-norway.no\/wp-content\/uploads\/2024\/02\/image-1.png 806w\" sizes=\"auto, (max-width: 618px) 100vw, 618px\" \/><\/a><\/figure>\n\n\n\n<p class=\"has-text-align-center\"><a href=\"https:\/\/kollektivkonferansen.no\/foredragsholdere\/\">\u00c5rets dyktige innleggsholdere finner du her!<\/a><\/p>\n\n\n\n<p class=\"has-text-align-center\"><a href=\"https:\/\/kollektivkonferansen.no\/program-2023\/\">Programmet finner du her!<\/a><\/p>\n\n\n\n<blockquote class=\"wp-block-quote has-text-align-center is-layout-flow wp-block-quote-is-layout-flow\">\n<p><\/p>\n<cite>Veldig variert og gjennomg\u00e5ende interessante tema! Mye god innsikt, relevante tema. Likte godt m\u00e5ten konferansen var lagt opp med mange foredrag som var litt kortere. God variasjonen mellom innlegg og paneldebatt\/diskusjon. Spennende program. Dere klarer \u00e5 l\u00f8fte blikket!<br><br>&#8211; Anonyme svar fra evalueringsskjema Kollektivkonferansen 2022<\/cite><\/blockquote>\n\n\n\n<p class=\"has-text-align-center\">Velkommen til Kollektivkonferansen 2023!<\/p>\n","protected":false},"featured_media":7792,"template":"","meta":{"_acf_changed":false},"class_list":["post-7789","arrangementer","type-arrangementer","status-publish","has-post-thumbnail","hentry"],"acf":{"start_date":"2023-11-16","time":"08:30","end_date":"2023-11-16","end_time":"17:00","city":"Radisson Blu Scandinavia Hotel, Oslo","street":"Holbergsgate 30, Oslo,166, Norway","webinar":true,"signup":"https:\/\/kollektivkonferansen.no\/pamelding\/","price":"","program":false},"yoast_head":"<!-- This site is optimized with the Yoast SEO plugin v27.3 - https:\/\/yoast.com\/product\/yoast-seo-wordpress\/ -->\n<title>Kollektivkonferansen 2023 - ITS Norway<\/title>\n<meta name=\"robots\" content=\"index, follow, max-snippet:-1, max-image-preview:large, max-video-preview:-1\" \/>\n<link rel=\"canonical\" href=\"https:\/\/its-norway.no\/en\/arrangementer\/kollektivkonferansen-2023\/\" \/>\n<meta property=\"og:locale\" content=\"en_US\" \/>\n<meta property=\"og:type\" content=\"article\" \/>\n<meta property=\"og:title\" content=\"Kollektivkonferansen 2023 - ITS Norway\" \/>\n<meta property=\"og:description\" content=\"Konferansen for alle som er interessert i kollektivtrafikk, mobilitet og b\u00e6rekraftig bevegelsesfrihet! Kollektivkonferansen 2023 handler hvordan vi forenkler folks liv...\" \/>\n<meta property=\"og:url\" content=\"https:\/\/its-norway.no\/en\/arrangementer\/kollektivkonferansen-2023\/\" \/>\n<meta property=\"og:site_name\" content=\"ITS Norway\" \/>\n<meta property=\"article:modified_time\" content=\"2024-02-07T06:25:58+00:00\" \/>\n<meta property=\"og:image\" content=\"https:\/\/its-norway.no\/wp-content\/uploads\/2024\/02\/Illiustrasjon-til-nettsiden-1024x524-1.png\" \/>\n\t<meta property=\"og:image:width\" content=\"1024\" \/>\n\t<meta property=\"og:image:height\" content=\"524\" \/>\n\t<meta property=\"og:image:type\" content=\"image\/png\" \/>\n<meta name=\"twitter:card\" content=\"summary_large_image\" \/>\n<meta name=\"twitter:label1\" content=\"Est. reading time\" \/>\n\t<meta name=\"twitter:data1\" content=\"2 minutes\" \/>\n<script type=\"application\/ld+json\" class=\"yoast-schema-graph\">{\"@context\":\"https:\\\/\\\/schema.org\",\"@graph\":[{\"@type\":\"WebPage\",\"@id\":\"https:\\\/\\\/its-norway.no\\\/en\\\/arrangementer\\\/kollektivkonferansen-2023\\\/\",\"url\":\"https:\\\/\\\/its-norway.no\\\/en\\\/arrangementer\\\/kollektivkonferansen-2023\\\/\",\"name\":\"Kollektivkonferansen 2023 - ITS Norway\",\"isPartOf\":{\"@id\":\"https:\\\/\\\/its-norway.no\\\/en\\\/#website\"},\"primaryImageOfPage\":{\"@id\":\"https:\\\/\\\/its-norway.no\\\/en\\\/arrangementer\\\/kollektivkonferansen-2023\\\/#primaryimage\"},\"image\":{\"@id\":\"https:\\\/\\\/its-norway.no\\\/en\\\/arrangementer\\\/kollektivkonferansen-2023\\\/#primaryimage\"},\"thumbnailUrl\":\"https:\\\/\\\/its-norway.no\\\/wp-content\\\/uploads\\\/2024\\\/02\\\/Illiustrasjon-til-nettsiden-1024x524-1.png\",\"datePublished\":\"2023-10-03T13:53:00+00:00\",\"dateModified\":\"2024-02-07T06:25:58+00:00\",\"breadcrumb\":{\"@id\":\"https:\\\/\\\/its-norway.no\\\/en\\\/arrangementer\\\/kollektivkonferansen-2023\\\/#breadcrumb\"},\"inLanguage\":\"en-US\",\"potentialAction\":[{\"@type\":\"ReadAction\",\"target\":[\"https:\\\/\\\/its-norway.no\\\/en\\\/arrangementer\\\/kollektivkonferansen-2023\\\/\"]}]},{\"@type\":\"ImageObject\",\"inLanguage\":\"en-US\",\"@id\":\"https:\\\/\\\/its-norway.no\\\/en\\\/arrangementer\\\/kollektivkonferansen-2023\\\/#primaryimage\",\"url\":\"https:\\\/\\\/its-norway.no\\\/wp-content\\\/uploads\\\/2024\\\/02\\\/Illiustrasjon-til-nettsiden-1024x524-1.png\",\"contentUrl\":\"https:\\\/\\\/its-norway.no\\\/wp-content\\\/uploads\\\/2024\\\/02\\\/Illiustrasjon-til-nettsiden-1024x524-1.png\",\"width\":1024,\"height\":524},{\"@type\":\"BreadcrumbList\",\"@id\":\"https:\\\/\\\/its-norway.no\\\/en\\\/arrangementer\\\/kollektivkonferansen-2023\\\/#breadcrumb\",\"itemListElement\":[{\"@type\":\"ListItem\",\"position\":1,\"name\":\"Hjem\",\"item\":\"https:\\\/\\\/its-norway.no\\\/en\\\/\"},{\"@type\":\"ListItem\",\"position\":2,\"name\":\"Arrangementer\",\"item\":\"https:\\\/\\\/its-norway.no\\\/en\\\/arrangementer\\\/\"},{\"@type\":\"ListItem\",\"position\":3,\"name\":\"Kollektivkonferansen 2023\"}]},{\"@type\":\"WebSite\",\"@id\":\"https:\\\/\\\/its-norway.no\\\/en\\\/#website\",\"url\":\"https:\\\/\\\/its-norway.no\\\/en\\\/\",\"name\":\"ITS Norway\",\"description\":\"Intelligente transportsystemer\",\"potentialAction\":[{\"@type\":\"SearchAction\",\"target\":{\"@type\":\"EntryPoint\",\"urlTemplate\":\"https:\\\/\\\/its-norway.no\\\/en\\\/?s={search_term_string}\"},\"query-input\":{\"@type\":\"PropertyValueSpecification\",\"valueRequired\":true,\"valueName\":\"search_term_string\"}}],\"inLanguage\":\"en-US\"}]}<\/script>\n<!-- \/ Yoast SEO plugin. -->","yoast_head_json":{"title":"Kollektivkonferansen 2023 - ITS Norway","robots":{"index":"index","follow":"follow","max-snippet":"max-snippet:-1","max-image-preview":"max-image-preview:large","max-video-preview":"max-video-preview:-1"},"canonical":"https:\/\/its-norway.no\/en\/arrangementer\/kollektivkonferansen-2023\/","og_locale":"en_US","og_type":"article","og_title":"Kollektivkonferansen 2023 - ITS Norway","og_description":"Konferansen for alle som er interessert i kollektivtrafikk, mobilitet og b\u00e6rekraftig bevegelsesfrihet! Kollektivkonferansen 2023 handler hvordan vi forenkler folks liv...","og_url":"https:\/\/its-norway.no\/en\/arrangementer\/kollektivkonferansen-2023\/","og_site_name":"ITS Norway","article_modified_time":"2024-02-07T06:25:58+00:00","og_image":[{"width":1024,"height":524,"url":"https:\/\/its-norway.no\/wp-content\/uploads\/2024\/02\/Illiustrasjon-til-nettsiden-1024x524-1.png","type":"image\/png"}],"twitter_card":"summary_large_image","twitter_misc":{"Est. reading time":"2 minutes"},"schema":{"@context":"https:\/\/schema.org","@graph":[{"@type":"WebPage","@id":"https:\/\/its-norway.no\/en\/arrangementer\/kollektivkonferansen-2023\/","url":"https:\/\/its-norway.no\/en\/arrangementer\/kollektivkonferansen-2023\/","name":"Kollektivkonferansen 2023 - ITS Norway","isPartOf":{"@id":"https:\/\/its-norway.no\/en\/#website"},"primaryImageOfPage":{"@id":"https:\/\/its-norway.no\/en\/arrangementer\/kollektivkonferansen-2023\/#primaryimage"},"image":{"@id":"https:\/\/its-norway.no\/en\/arrangementer\/kollektivkonferansen-2023\/#primaryimage"},"thumbnailUrl":"https:\/\/its-norway.no\/wp-content\/uploads\/2024\/02\/Illiustrasjon-til-nettsiden-1024x524-1.png","datePublished":"2023-10-03T13:53:00+00:00","dateModified":"2024-02-07T06:25:58+00:00","breadcrumb":{"@id":"https:\/\/its-norway.no\/en\/arrangementer\/kollektivkonferansen-2023\/#breadcrumb"},"inLanguage":"en-US","potentialAction":[{"@type":"ReadAction","target":["https:\/\/its-norway.no\/en\/arrangementer\/kollektivkonferansen-2023\/"]}]},{"@type":"ImageObject","inLanguage":"en-US","@id":"https:\/\/its-norway.no\/en\/arrangementer\/kollektivkonferansen-2023\/#primaryimage","url":"https:\/\/its-norway.no\/wp-content\/uploads\/2024\/02\/Illiustrasjon-til-nettsiden-1024x524-1.png","contentUrl":"https:\/\/its-norway.no\/wp-content\/uploads\/2024\/02\/Illiustrasjon-til-nettsiden-1024x524-1.png","width":1024,"height":524},{"@type":"BreadcrumbList","@id":"https:\/\/its-norway.no\/en\/arrangementer\/kollektivkonferansen-2023\/#breadcrumb","itemListElement":[{"@type":"ListItem","position":1,"name":"Hjem","item":"https:\/\/its-norway.no\/en\/"},{"@type":"ListItem","position":2,"name":"Arrangementer","item":"https:\/\/its-norway.no\/en\/arrangementer\/"},{"@type":"ListItem","position":3,"name":"Kollektivkonferansen 2023"}]},{"@type":"WebSite","@id":"https:\/\/its-norway.no\/en\/#website","url":"https:\/\/its-norway.no\/en\/","name":"ITS Norway","description":"Intelligente transportsystemer","potentialAction":[{"@type":"SearchAction","target":{"@type":"EntryPoint","urlTemplate":"https:\/\/its-norway.no\/en\/?s={search_term_string}"},"query-input":{"@type":"PropertyValueSpecification","valueRequired":true,"valueName":"search_term_string"}}],"inLanguage":"en-US"}]}},"start_date":"2023-11-16","start_date_formatted":"16. November 2023","end_date":"2023-11-16","_links":{"self":[{"href":"https:\/\/its-norway.no\/en\/wp-json\/wp\/v2\/arrangementer\/7789","targetHints":{"allow":["GET"]}}],"collection":[{"href":"https:\/\/its-norway.no\/en\/wp-json\/wp\/v2\/arrangementer"}],"about":[{"href":"https:\/\/its-norway.no\/en\/wp-json\/wp\/v2\/types\/arrangementer"}],"wp:featuredmedia":[{"embeddable":true,"href":"https:\/\/its-norway.no\/en\/wp-json\/wp\/v2\/media\/7792"}],"wp:attachment":[{"href":"https:\/\/its-norway.no\/en\/wp-json\/wp\/v2\/media?parent=7789"}],"curies":[{"name":"wp","href":"https:\/\/api.w.org\/{rel}","templated":true}]}}

<p class="has-intro-font-size">Konferansen for alle som er interessert i kollektivtrafikk, mobilitet og bærekraftig bevegelsesfrihet!</p>



<p>Kollektivkonferansen 2023 handler hvordan vi forenkler folks liv med bærekraftig mobilitet for alle og arrangeres av <a href="https://kollektivkonferansen.no/">Kollektivtrafikkforeningen</a>. Bærekraftig mobilitet for alle er kollektivtrafikkens samfunnsoppdrag og oppnås gjennom blant annet et radikalt kundefokus, digitalisering og teknologi og mindre ulikhet.</p>



<p>I fjor samlet konferansen over 570 deltakere fra 107 forskjellige mobilitetsaktører fra både inn- og utland, hvor konferansen var utsolgt og med venteliste. Er du nysgjerrig på å vite mer om driverne for bærekraftig mobilitet og hvilke muligheter dette genererer? Meld deg på Kollektivkonferansen 2023 &#8211; Norges viktigste møteplass for alle som jobber med eller har interesse for mobilitet generelt og kollektivtrafikk spesielt!</p>



<figure class="wp-block-image size-large"><a href="https://its-norway.no/wp-content/uploads/2024/02/image-1.png"><img loading="lazy" decoding="async" width="618" height="1024" src="https://its-norway.no/wp-content/uploads/2024/02/image-1-618x1024.png" alt="" class="wp-image-7790" srcset="https://its-norway.no/wp-content/uploads/2024/02/image-1-618x1024.png 618w, https://its-norway.no/wp-content/uploads/2024/02/image-1-181x300.png 181w, https://its-norway.no/wp-content/uploads/2024/02/image-1-768x1272.png 768w, https://its-norway.no/wp-content/uploads/2024/02/image-1-106x176.png 106w, https://its-norway.no/wp-content/uploads/2024/02/image-1.png 806w" sizes="auto, (max-width: 618px) 100vw, 618px" /></a></figure>



<p class="has-text-align-center"><a href="https://kollektivkonferansen.no/foredragsholdere/">Årets dyktige innleggsholdere finner du her!</a></p>



<p class="has-text-align-center"><a href="https://kollektivkonferansen.no/program-2023/">Programmet finner du her!</a></p>



<blockquote class="wp-block-quote has-text-align-center is-layout-flow wp-block-quote-is-layout-flow">
<p></p>
<cite>Veldig variert og gjennomgående interessante tema! Mye god innsikt, relevante tema. Likte godt måten konferansen var lagt opp med mange foredrag som var litt kortere. God variasjonen mellom innlegg og paneldebatt/diskusjon. Spennende program. Dere klarer å løfte blikket!<br><br>&#8211; Anonyme svar fra evalueringsskjema Kollektivkonferansen 2022</cite></blockquote>



<p class="has-text-align-center">Velkommen til Kollektivkonferansen 2023!</p>

<!-- This site is optimized with the Yoast SEO plugin v27.3 - https://yoast.com/product/yoast-seo-wordpress/ -->
<title>Kollektivkonferansen 2023 - ITS Norway</title>
<meta name="robots" content="index, follow, max-snippet:-1, max-image-preview:large, max-video-preview:-1" />
<link rel="canonical" href="https://its-norway.no/en/arrangementer/kollektivkonferansen-2023/" />
<meta property="og:locale" content="en_US" />
<meta property="og:type" content="article" />
<meta property="og:title" content="Kollektivkonferansen 2023 - ITS Norway" />
<meta property="og:description" content="Konferansen for alle som er interessert i kollektivtrafikk, mobilitet og bærekraftig bevegelsesfrihet! Kollektivkonferansen 2023 handler hvordan vi forenkler folks liv..." />
<meta property="og:url" content="https://its-norway.no/en/arrangementer/kollektivkonferansen-2023/" />
<meta property="og:site_name" content="ITS Norway" />
<meta property="article:modified_time" content="2024-02-07T06:25:58+00:00" />
<meta property="og:image" content="https://its-norway.no/wp-content/uploads/2024/02/Illiustrasjon-til-nettsiden-1024x524-1.png" />
	<meta property="og:image:width" content="1024" />
	<meta property="og:image:height" content="524" />
	<meta property="og:image:type" content="image/png" />
<meta name="twitter:card" content="summary_large_image" />
<meta name="twitter:label1" content="Est. reading time" />
	<meta name="twitter:data1" content="2 minutes" />
<script type="application/ld+json" class="yoast-schema-graph">{"@context":"https:\/\/schema.org","@graph":[{"@type":"WebPage","@id":"https:\/\/its-norway.no\/en\/arrangementer\/kollektivkonferansen-2023\/","url":"https:\/\/its-norway.no\/en\/arrangementer\/kollektivkonferansen-2023\/","name":"Kollektivkonferansen 2023 - ITS Norway","isPartOf":{"@id":"https:\/\/its-norway.no\/en\/#website"},"primaryImageOfPage":{"@id":"https:\/\/its-norway.no\/en\/arrangementer\/kollektivkonferansen-2023\/#primaryimage"},"image":{"@id":"https:\/\/its-norway.no\/en\/arrangementer\/kollektivkonferansen-2023\/#primaryimage"},"thumbnailUrl":"https:\/\/its-norway.no\/wp-content\/uploads\/2024\/02\/Illiustrasjon-til-nettsiden-1024x524-1.png","datePublished":"2023-10-03T13:53:00+00:00","dateModified":"2024-02-07T06:25:58+00:00","breadcrumb":{"@id":"https:\/\/its-norway.no\/en\/arrangementer\/kollektivkonferansen-2023\/#breadcrumb"},"inLanguage":"en-US","potentialAction":[{"@type":"ReadAction","target":["https:\/\/its-norway.no\/en\/arrangementer\/kollektivkonferansen-2023\/"]}]},{"@type":"ImageObject","inLanguage":"en-US","@id":"https:\/\/its-norway.no\/en\/arrangementer\/kollektivkonferansen-2023\/#primaryimage","url":"https:\/\/its-norway.no\/wp-content\/uploads\/2024\/02\/Illiustrasjon-til-nettsiden-1024x524-1.png","contentUrl":"https:\/\/its-norway.no\/wp-content\/uploads\/2024\/02\/Illiustrasjon-til-nettsiden-1024x524-1.png","width":1024,"height":524},{"@type":"BreadcrumbList","@id":"https:\/\/its-norway.no\/en\/arrangementer\/kollektivkonferansen-2023\/#breadcrumb","itemListElement":[{"@type":"ListItem","position":1,"name":"Hjem","item":"https:\/\/its-norway.no\/en\/"},{"@type":"ListItem","position":2,"name":"Arrangementer","item":"https:\/\/its-norway.no\/en\/arrangementer\/"},{"@type":"ListItem","position":3,"name":"Kollektivkonferansen 2023"}]},{"@type":"WebSite","@id":"https:\/\/its-norway.no\/en\/#website","url":"https:\/\/its-norway.no\/en\/","name":"ITS Norway","description":"Intelligente transportsystemer","potentialAction":[{"@type":"SearchAction","target":{"@type":"EntryPoint","urlTemplate":"https:\/\/its-norway.no\/en\/?s={search_term_string}"},"query-input":{"@type":"PropertyValueSpecification","valueRequired":true,"valueName":"search_term_string"}}],"inLanguage":"en-US"}]}</script>
<!-- / Yoast SEO plugin. -->

Konferansen for alle som er interessert i kollektivtrafikk, mobilitet og bærekraftig bevegelsesfrihet! Kollektivkonferansen 2023 handler hvordan vi forenkler folks liv...
