{"id":7797,"date":"2023-10-03T15:15:00","date_gmt":"2023-10-03T13:15:00","guid":{"rendered":"https:\/\/its-norway.no\/?post_type=arrangementer&#038;p=7797"},"modified":"2024-02-07T07:37:56","modified_gmt":"2024-02-07T06:37:56","slug":"posisjonskonferansen-2023-2","status":"publish","type":"arrangementer","link":"https:\/\/its-norway.no\/en\/arrangementer\/posisjonskonferansen-2023-2\/","title":{"rendered":"Posisjonskonferansen 2023"},"content":{"rendered":"\n<p>Hva kreves av fremtidens posisjonsteknologi i grensen mellom kyst og land? Maritim ITS er tema p\u00e5 \u00e5rets konferanse.<\/p>\n\n\n\n<p>Under Posisjonskonferansen 2023 vil du f\u00e5 et innblikk i hvilken betydning posisjonsteknologi har for \u00e5 realisere autonomi i kystn\u00e6re omr\u00e5der. Vi skal snakke om hva som kreves av n\u00f8yaktighet p\u00e5 posisjonstjenestene og referanserammene i framtiden. Du vil ogs\u00e5 f\u00e5 h\u00f8re interessante foredrag fra blant annet Sj\u00f8fartsdirektoratet, Kystverket og Forsvarets Forskningsinstitutt, i tillegg til \u00e5 f\u00e5 innblikk i spennende anvendelser fra industrien.<\/p>\n\n\n\n<p>Posisjonskonferansen er en m\u00f8teplass for akt\u00f8rer i offentlig og privat sektor som bruker, eller kan ta i bruk, posisjonsteknologi bl.a. for \u00e5 effektivisere og \u00f8ke verdiskaping. Kartverket skal bidra til at Norge er i tet n\u00e5r det gjelder sikker og innovativ bruk av GNSS.<\/p>\n\n\n\n<p>Posisjonskonferansen arrangeres av <a href=\"https:\/\/kartverket.no\/\">Kartverket<\/a> i samarbeid med&nbsp;<a href=\"https:\/\/www.romsenter.no\/\" target=\"_blank\" rel=\"noreferrer noopener\">Norsk Romsenter<\/a>&nbsp;og&nbsp;ITS Norway.&nbsp;Konferansier Ruth Astrid S\u00e6ter skal lede oss gjennom konferansen. Arrangementet finner sted 14. november p\u00e5 Radisson Blu Airport Hotel, Oslo Gardemoen, er gratis og det vil bli servert lunsj.<\/p>\n\n\n\n<p><a href=\"https:\/\/kartverket.no\/globalassets\/til-lands\/posisjon\/posisjonskonferansen_2023_program_v3.pdf\">Programmet finner du her!<\/a><\/p>\n\n\n\n<p><strong>P\u00e5meldingsfrist:<\/strong> 31. oktober 2023 (begrenset antall plasser).<\/p>\n\n\n\n<p>Hvis du har sp\u00f8rsm\u00e5l, ta kontakt med: <a href=\"mailto:posisjonskonferansen@kartverket.no\">posisjonskonferansen@kartverket.no<\/a><\/p>\n","protected":false},"featured_media":7798,"template":"","meta":{"_acf_changed":false},"class_list":["post-7797","arrangementer","type-arrangementer","status-publish","has-post-thumbnail","hentry"],"acf":{"start_date":"2023-11-14","time":"09:00","end_date":"2023-11-14","end_time":"16:00","city":"Radisson Blu Airport Hotel, Gardermoen","street":"Hotellvegen, 2060 Gardermoen","webinar":false,"signup":"https:\/\/kartverket.no\/om-kartverket\/arrangement\/posisjonskonferansen-2023-maritim-its\/Form","price":"","program":false},"yoast_head":"<!-- This site is optimized with the Yoast SEO plugin v27.3 - https:\/\/yoast.com\/product\/yoast-seo-wordpress\/ -->\n<title>Posisjonskonferansen 2023 - ITS Norway<\/title>\n<meta name=\"robots\" content=\"index, follow, max-snippet:-1, max-image-preview:large, max-video-preview:-1\" \/>\n<link rel=\"canonical\" href=\"https:\/\/its-norway.no\/en\/arrangementer\/posisjonskonferansen-2023-2\/\" \/>\n<meta property=\"og:locale\" content=\"en_US\" \/>\n<meta property=\"og:type\" content=\"article\" \/>\n<meta property=\"og:title\" content=\"Posisjonskonferansen 2023 - ITS Norway\" \/>\n<meta property=\"og:description\" content=\"Hva kreves av fremtidens posisjonsteknologi i grensen mellom kyst og land? Maritim ITS er tema p\u00e5 \u00e5rets konferanse. Under Posisjonskonferansen...\" \/>\n<meta property=\"og:url\" content=\"https:\/\/its-norway.no\/en\/arrangementer\/posisjonskonferansen-2023-2\/\" \/>\n<meta property=\"og:site_name\" content=\"ITS Norway\" \/>\n<meta property=\"article:modified_time\" content=\"2024-02-07T06:37:56+00:00\" \/>\n<meta property=\"og:image\" content=\"https:\/\/its-norway.no\/wp-content\/uploads\/2023\/10\/posisjonskonferansen-foto_foto_adobestock-1024x576-1.jpg\" \/>\n\t<meta property=\"og:image:width\" content=\"1024\" \/>\n\t<meta property=\"og:image:height\" content=\"576\" \/>\n\t<meta property=\"og:image:type\" content=\"image\/jpeg\" \/>\n<meta name=\"twitter:card\" content=\"summary_large_image\" \/>\n<meta name=\"twitter:label1\" content=\"Est. reading time\" \/>\n\t<meta name=\"twitter:data1\" content=\"2 minutes\" \/>\n<script type=\"application\/ld+json\" class=\"yoast-schema-graph\">{\"@context\":\"https:\\\/\\\/schema.org\",\"@graph\":[{\"@type\":\"WebPage\",\"@id\":\"https:\\\/\\\/its-norway.no\\\/en\\\/arrangementer\\\/posisjonskonferansen-2023-2\\\/\",\"url\":\"https:\\\/\\\/its-norway.no\\\/en\\\/arrangementer\\\/posisjonskonferansen-2023-2\\\/\",\"name\":\"Posisjonskonferansen 2023 - ITS Norway\",\"isPartOf\":{\"@id\":\"https:\\\/\\\/its-norway.no\\\/en\\\/#website\"},\"primaryImageOfPage\":{\"@id\":\"https:\\\/\\\/its-norway.no\\\/en\\\/arrangementer\\\/posisjonskonferansen-2023-2\\\/#primaryimage\"},\"image\":{\"@id\":\"https:\\\/\\\/its-norway.no\\\/en\\\/arrangementer\\\/posisjonskonferansen-2023-2\\\/#primaryimage\"},\"thumbnailUrl\":\"https:\\\/\\\/its-norway.no\\\/wp-content\\\/uploads\\\/2023\\\/10\\\/posisjonskonferansen-foto_foto_adobestock-1024x576-1.jpg\",\"datePublished\":\"2023-10-03T13:15:00+00:00\",\"dateModified\":\"2024-02-07T06:37:56+00:00\",\"breadcrumb\":{\"@id\":\"https:\\\/\\\/its-norway.no\\\/en\\\/arrangementer\\\/posisjonskonferansen-2023-2\\\/#breadcrumb\"},\"inLanguage\":\"en-US\",\"potentialAction\":[{\"@type\":\"ReadAction\",\"target\":[\"https:\\\/\\\/its-norway.no\\\/en\\\/arrangementer\\\/posisjonskonferansen-2023-2\\\/\"]}]},{\"@type\":\"ImageObject\",\"inLanguage\":\"en-US\",\"@id\":\"https:\\\/\\\/its-norway.no\\\/en\\\/arrangementer\\\/posisjonskonferansen-2023-2\\\/#primaryimage\",\"url\":\"https:\\\/\\\/its-norway.no\\\/wp-content\\\/uploads\\\/2023\\\/10\\\/posisjonskonferansen-foto_foto_adobestock-1024x576-1.jpg\",\"contentUrl\":\"https:\\\/\\\/its-norway.no\\\/wp-content\\\/uploads\\\/2023\\\/10\\\/posisjonskonferansen-foto_foto_adobestock-1024x576-1.jpg\",\"width\":1024,\"height\":576},{\"@type\":\"BreadcrumbList\",\"@id\":\"https:\\\/\\\/its-norway.no\\\/en\\\/arrangementer\\\/posisjonskonferansen-2023-2\\\/#breadcrumb\",\"itemListElement\":[{\"@type\":\"ListItem\",\"position\":1,\"name\":\"Hjem\",\"item\":\"https:\\\/\\\/its-norway.no\\\/en\\\/\"},{\"@type\":\"ListItem\",\"position\":2,\"name\":\"Arrangementer\",\"item\":\"https:\\\/\\\/its-norway.no\\\/en\\\/arrangementer\\\/\"},{\"@type\":\"ListItem\",\"position\":3,\"name\":\"Posisjonskonferansen 2023\"}]},{\"@type\":\"WebSite\",\"@id\":\"https:\\\/\\\/its-norway.no\\\/en\\\/#website\",\"url\":\"https:\\\/\\\/its-norway.no\\\/en\\\/\",\"name\":\"ITS Norway\",\"description\":\"Intelligente transportsystemer\",\"potentialAction\":[{\"@type\":\"SearchAction\",\"target\":{\"@type\":\"EntryPoint\",\"urlTemplate\":\"https:\\\/\\\/its-norway.no\\\/en\\\/?s={search_term_string}\"},\"query-input\":{\"@type\":\"PropertyValueSpecification\",\"valueRequired\":true,\"valueName\":\"search_term_string\"}}],\"inLanguage\":\"en-US\"}]}<\/script>\n<!-- \/ Yoast SEO plugin. -->","yoast_head_json":{"title":"Posisjonskonferansen 2023 - ITS Norway","robots":{"index":"index","follow":"follow","max-snippet":"max-snippet:-1","max-image-preview":"max-image-preview:large","max-video-preview":"max-video-preview:-1"},"canonical":"https:\/\/its-norway.no\/en\/arrangementer\/posisjonskonferansen-2023-2\/","og_locale":"en_US","og_type":"article","og_title":"Posisjonskonferansen 2023 - ITS Norway","og_description":"Hva kreves av fremtidens posisjonsteknologi i grensen mellom kyst og land? Maritim ITS er tema p\u00e5 \u00e5rets konferanse. Under Posisjonskonferansen...","og_url":"https:\/\/its-norway.no\/en\/arrangementer\/posisjonskonferansen-2023-2\/","og_site_name":"ITS Norway","article_modified_time":"2024-02-07T06:37:56+00:00","og_image":[{"width":1024,"height":576,"url":"https:\/\/its-norway.no\/wp-content\/uploads\/2023\/10\/posisjonskonferansen-foto_foto_adobestock-1024x576-1.jpg","type":"image\/jpeg"}],"twitter_card":"summary_large_image","twitter_misc":{"Est. reading time":"2 minutes"},"schema":{"@context":"https:\/\/schema.org","@graph":[{"@type":"WebPage","@id":"https:\/\/its-norway.no\/en\/arrangementer\/posisjonskonferansen-2023-2\/","url":"https:\/\/its-norway.no\/en\/arrangementer\/posisjonskonferansen-2023-2\/","name":"Posisjonskonferansen 2023 - ITS Norway","isPartOf":{"@id":"https:\/\/its-norway.no\/en\/#website"},"primaryImageOfPage":{"@id":"https:\/\/its-norway.no\/en\/arrangementer\/posisjonskonferansen-2023-2\/#primaryimage"},"image":{"@id":"https:\/\/its-norway.no\/en\/arrangementer\/posisjonskonferansen-2023-2\/#primaryimage"},"thumbnailUrl":"https:\/\/its-norway.no\/wp-content\/uploads\/2023\/10\/posisjonskonferansen-foto_foto_adobestock-1024x576-1.jpg","datePublished":"2023-10-03T13:15:00+00:00","dateModified":"2024-02-07T06:37:56+00:00","breadcrumb":{"@id":"https:\/\/its-norway.no\/en\/arrangementer\/posisjonskonferansen-2023-2\/#breadcrumb"},"inLanguage":"en-US","potentialAction":[{"@type":"ReadAction","target":["https:\/\/its-norway.no\/en\/arrangementer\/posisjonskonferansen-2023-2\/"]}]},{"@type":"ImageObject","inLanguage":"en-US","@id":"https:\/\/its-norway.no\/en\/arrangementer\/posisjonskonferansen-2023-2\/#primaryimage","url":"https:\/\/its-norway.no\/wp-content\/uploads\/2023\/10\/posisjonskonferansen-foto_foto_adobestock-1024x576-1.jpg","contentUrl":"https:\/\/its-norway.no\/wp-content\/uploads\/2023\/10\/posisjonskonferansen-foto_foto_adobestock-1024x576-1.jpg","width":1024,"height":576},{"@type":"BreadcrumbList","@id":"https:\/\/its-norway.no\/en\/arrangementer\/posisjonskonferansen-2023-2\/#breadcrumb","itemListElement":[{"@type":"ListItem","position":1,"name":"Hjem","item":"https:\/\/its-norway.no\/en\/"},{"@type":"ListItem","position":2,"name":"Arrangementer","item":"https:\/\/its-norway.no\/en\/arrangementer\/"},{"@type":"ListItem","position":3,"name":"Posisjonskonferansen 2023"}]},{"@type":"WebSite","@id":"https:\/\/its-norway.no\/en\/#website","url":"https:\/\/its-norway.no\/en\/","name":"ITS Norway","description":"Intelligente transportsystemer","potentialAction":[{"@type":"SearchAction","target":{"@type":"EntryPoint","urlTemplate":"https:\/\/its-norway.no\/en\/?s={search_term_string}"},"query-input":{"@type":"PropertyValueSpecification","valueRequired":true,"valueName":"search_term_string"}}],"inLanguage":"en-US"}]}},"start_date":"2023-11-14","start_date_formatted":"14. November 2023","end_date":"2023-11-14","_links":{"self":[{"href":"https:\/\/its-norway.no\/en\/wp-json\/wp\/v2\/arrangementer\/7797","targetHints":{"allow":["GET"]}}],"collection":[{"href":"https:\/\/its-norway.no\/en\/wp-json\/wp\/v2\/arrangementer"}],"about":[{"href":"https:\/\/its-norway.no\/en\/wp-json\/wp\/v2\/types\/arrangementer"}],"wp:featuredmedia":[{"embeddable":true,"href":"https:\/\/its-norway.no\/en\/wp-json\/wp\/v2\/media\/7798"}],"wp:attachment":[{"href":"https:\/\/its-norway.no\/en\/wp-json\/wp\/v2\/media?parent=7797"}],"curies":[{"name":"wp","href":"https:\/\/api.w.org\/{rel}","templated":true}]}}

<p>Hva kreves av fremtidens posisjonsteknologi i grensen mellom kyst og land? Maritim ITS er tema på årets konferanse.</p>



<p>Under Posisjonskonferansen 2023 vil du få et innblikk i hvilken betydning posisjonsteknologi har for å realisere autonomi i kystnære områder. Vi skal snakke om hva som kreves av nøyaktighet på posisjonstjenestene og referanserammene i framtiden. Du vil også få høre interessante foredrag fra blant annet Sjøfartsdirektoratet, Kystverket og Forsvarets Forskningsinstitutt, i tillegg til å få innblikk i spennende anvendelser fra industrien.</p>



<p>Posisjonskonferansen er en møteplass for aktører i offentlig og privat sektor som bruker, eller kan ta i bruk, posisjonsteknologi bl.a. for å effektivisere og øke verdiskaping. Kartverket skal bidra til at Norge er i tet når det gjelder sikker og innovativ bruk av GNSS.</p>



<p>Posisjonskonferansen arrangeres av <a href="https://kartverket.no/">Kartverket</a> i samarbeid med&nbsp;<a href="https://www.romsenter.no/" target="_blank" rel="noreferrer noopener">Norsk Romsenter</a>&nbsp;og&nbsp;ITS Norway.&nbsp;Konferansier Ruth Astrid Sæter skal lede oss gjennom konferansen. Arrangementet finner sted 14. november på Radisson Blu Airport Hotel, Oslo Gardemoen, er gratis og det vil bli servert lunsj.</p>



<p><a href="https://kartverket.no/globalassets/til-lands/posisjon/posisjonskonferansen_2023_program_v3.pdf">Programmet finner du her!</a></p>



<p><strong>Påmeldingsfrist:</strong> 31. oktober 2023 (begrenset antall plasser).</p>



<p>Hvis du har spørsmål, ta kontakt med: <a href="mailto:posisjonskonferansen@kartverket.no">posisjonskonferansen@kartverket.no</a></p>

<!-- This site is optimized with the Yoast SEO plugin v27.3 - https://yoast.com/product/yoast-seo-wordpress/ -->
<title>Posisjonskonferansen 2023 - ITS Norway</title>
<meta name="robots" content="index, follow, max-snippet:-1, max-image-preview:large, max-video-preview:-1" />
<link rel="canonical" href="https://its-norway.no/en/arrangementer/posisjonskonferansen-2023-2/" />
<meta property="og:locale" content="en_US" />
<meta property="og:type" content="article" />
<meta property="og:title" content="Posisjonskonferansen 2023 - ITS Norway" />
<meta property="og:description" content="Hva kreves av fremtidens posisjonsteknologi i grensen mellom kyst og land? Maritim ITS er tema på årets konferanse. Under Posisjonskonferansen..." />
<meta property="og:url" content="https://its-norway.no/en/arrangementer/posisjonskonferansen-2023-2/" />
<meta property="og:site_name" content="ITS Norway" />
<meta property="article:modified_time" content="2024-02-07T06:37:56+00:00" />
<meta property="og:image" content="https://its-norway.no/wp-content/uploads/2023/10/posisjonskonferansen-foto_foto_adobestock-1024x576-1.jpg" />
	<meta property="og:image:width" content="1024" />
	<meta property="og:image:height" content="576" />
	<meta property="og:image:type" content="image/jpeg" />
<meta name="twitter:card" content="summary_large_image" />
<meta name="twitter:label1" content="Est. reading time" />
	<meta name="twitter:data1" content="2 minutes" />
<script type="application/ld+json" class="yoast-schema-graph">{"@context":"https:\/\/schema.org","@graph":[{"@type":"WebPage","@id":"https:\/\/its-norway.no\/en\/arrangementer\/posisjonskonferansen-2023-2\/","url":"https:\/\/its-norway.no\/en\/arrangementer\/posisjonskonferansen-2023-2\/","name":"Posisjonskonferansen 2023 - ITS Norway","isPartOf":{"@id":"https:\/\/its-norway.no\/en\/#website"},"primaryImageOfPage":{"@id":"https:\/\/its-norway.no\/en\/arrangementer\/posisjonskonferansen-2023-2\/#primaryimage"},"image":{"@id":"https:\/\/its-norway.no\/en\/arrangementer\/posisjonskonferansen-2023-2\/#primaryimage"},"thumbnailUrl":"https:\/\/its-norway.no\/wp-content\/uploads\/2023\/10\/posisjonskonferansen-foto_foto_adobestock-1024x576-1.jpg","datePublished":"2023-10-03T13:15:00+00:00","dateModified":"2024-02-07T06:37:56+00:00","breadcrumb":{"@id":"https:\/\/its-norway.no\/en\/arrangementer\/posisjonskonferansen-2023-2\/#breadcrumb"},"inLanguage":"en-US","potentialAction":[{"@type":"ReadAction","target":["https:\/\/its-norway.no\/en\/arrangementer\/posisjonskonferansen-2023-2\/"]}]},{"@type":"ImageObject","inLanguage":"en-US","@id":"https:\/\/its-norway.no\/en\/arrangementer\/posisjonskonferansen-2023-2\/#primaryimage","url":"https:\/\/its-norway.no\/wp-content\/uploads\/2023\/10\/posisjonskonferansen-foto_foto_adobestock-1024x576-1.jpg","contentUrl":"https:\/\/its-norway.no\/wp-content\/uploads\/2023\/10\/posisjonskonferansen-foto_foto_adobestock-1024x576-1.jpg","width":1024,"height":576},{"@type":"BreadcrumbList","@id":"https:\/\/its-norway.no\/en\/arrangementer\/posisjonskonferansen-2023-2\/#breadcrumb","itemListElement":[{"@type":"ListItem","position":1,"name":"Hjem","item":"https:\/\/its-norway.no\/en\/"},{"@type":"ListItem","position":2,"name":"Arrangementer","item":"https:\/\/its-norway.no\/en\/arrangementer\/"},{"@type":"ListItem","position":3,"name":"Posisjonskonferansen 2023"}]},{"@type":"WebSite","@id":"https:\/\/its-norway.no\/en\/#website","url":"https:\/\/its-norway.no\/en\/","name":"ITS Norway","description":"Intelligente transportsystemer","potentialAction":[{"@type":"SearchAction","target":{"@type":"EntryPoint","urlTemplate":"https:\/\/its-norway.no\/en\/?s={search_term_string}"},"query-input":{"@type":"PropertyValueSpecification","valueRequired":true,"valueName":"search_term_string"}}],"inLanguage":"en-US"}]}</script>
<!-- / Yoast SEO plugin. -->

Hva kreves av fremtidens posisjonsteknologi i grensen mellom kyst og land? Maritim ITS er tema på årets konferanse. Under Posisjonskonferansen...
